{"id":15578,"date":"2023-12-15T12:37:07","date_gmt":"2023-12-15T10:37:07","guid":{"rendered":"https:\/\/nano-sense.com\/?page_id=15578"},"modified":"2023-12-15T12:53:30","modified_gmt":"2023-12-15T10:53:30","slug":"presse-et-actualites","status":"publish","type":"page","link":"https:\/\/nano-sense.com\/index.php\/presse-et-actualites\/","title":{"rendered":"Presse et Actualit\u00e9"},"content":{"rendered":"\t\t<div data-elementor-type=\"wp-page\" data-elementor-id=\"15578\" class=\"elementor elementor-15578\" data-elementor-post-type=\"page\">\n\t\t\t\t\t\t<section class=\"elementor-section elementor-top-section elementor-element elementor-element-b14cbc1 elementor-section-content-middle elementor-section-boxed elementor-section-height-default elementor-section-height-default\" data-id=\"b14cbc1\" data-element_type=\"section\">\n\t\t\t\t\t\t<div class=\"elementor-container elementor-column-gap-no\">\n\t\t\t\t\t<div class=\"elementor-column elementor-col-100 elementor-top-column elementor-element elementor-element-ba79709\" data-id=\"ba79709\" data-element_type=\"column\">\n\t\t\t<div class=\"elementor-widget-wrap elementor-element-populated\">\n\t\t\t\t\t\t<div class=\"elementor-element elementor-element-f55319f elementor-widget elementor-widget-heading\" data-id=\"f55319f\" data-element_type=\"widget\" data-widget_type=\"heading.default\">\n\t\t\t\t<div class=\"elementor-widget-container\">\n\t\t\t\t\t<h4 class=\"elementor-heading-title elementor-size-default\">S'informer<\/h4>\t\t\t\t<\/div>\n\t\t\t\t<\/div>\n\t\t\t\t<section class=\"elementor-section elementor-inner-section elementor-element elementor-element-02b46c9 elementor-section-content-middle elementor-section-boxed elementor-section-height-default elementor-section-height-default\" data-id=\"02b46c9\" data-element_type=\"section\">\n\t\t\t\t\t\t<div class=\"elementor-container elementor-column-gap-no\">\n\t\t\t\t\t<div class=\"elementor-column elementor-col-50 elementor-inner-column elementor-element elementor-element-a69ed4a\" data-id=\"a69ed4a\" data-element_type=\"column\">\n\t\t\t<div class=\"elementor-widget-wrap elementor-element-populated\">\n\t\t\t\t\t\t<div class=\"elementor-element elementor-element-7f3309b elementor-position-top elementor-widget elementor-widget-image-box\" data-id=\"7f3309b\" data-element_type=\"widget\" data-widget_type=\"image-box.default\">\n\t\t\t\t<div class=\"elementor-widget-container\">\n\t\t\t\t\t<div class=\"elementor-image-box-wrapper\"><figure class=\"elementor-image-box-img\"><a href=\"https:\/\/nano-sense.com\/index.php\/category\/presse\/\" target=\"_blank\" tabindex=\"-1\"><img fetchpriority=\"high\" decoding=\"async\" width=\"653\" height=\"442\" src=\"https:\/\/nano-sense.com\/wp-content\/uploads\/2021\/06\/Groupe-defilant-38.png\" class=\"elementor-animation-grow attachment-full size-full wp-image-7807\" alt=\"Presse NanoSense\" srcset=\"https:\/\/nano-sense.com\/wp-content\/uploads\/2021\/06\/Groupe-defilant-38.png 653w, https:\/\/nano-sense.com\/wp-content\/uploads\/2021\/06\/Groupe-defilant-38-600x406.png 600w, https:\/\/nano-sense.com\/wp-content\/uploads\/2021\/06\/Groupe-defilant-38-300x203.png 300w\" sizes=\"(max-width: 653px) 100vw, 653px\" \/><\/a><\/figure><div class=\"elementor-image-box-content\"><h3 class=\"elementor-image-box-title\"><a href=\"https:\/\/nano-sense.com\/index.php\/category\/presse\/\" target=\"_blank\">Presse <\/a><\/h3><p class=\"elementor-image-box-description\">Explorez les publications m\u00e9diatiques de NanoSense dans des journaux renomm\u00e9s comme Le Moniteur, CFP et d'autres. <\/p><\/div><\/div>\t\t\t\t<\/div>\n\t\t\t\t<\/div>\n\t\t\t\t<div class=\"elementor-element elementor-element-d42c1e1 elementor-align-center elementor-widget elementor-widget-button\" data-id=\"d42c1e1\" data-element_type=\"widget\" data-widget_type=\"button.default\">\n\t\t\t\t<div class=\"elementor-widget-container\">\n\t\t\t\t\t\t\t\t\t<div class=\"elementor-button-wrapper\">\n\t\t\t\t\t<a class=\"elementor-button elementor-button-link elementor-size-sm\" href=\"https:\/\/nano-sense.com\/index.php\/category\/presse\/\" target=\"_blank\">\n\t\t\t\t\t\t<span class=\"elementor-button-content-wrapper\">\n\t\t\t\t\t\t\t\t\t<span class=\"elementor-button-text\">En savoir plus<\/span>\n\t\t\t\t\t<\/span>\n\t\t\t\t\t<\/a>\n\t\t\t\t<\/div>\n\t\t\t\t\t\t\t\t<\/div>\n\t\t\t\t<\/div>\n\t\t\t\t\t<\/div>\n\t\t<\/div>\n\t\t\t\t<div class=\"elementor-column elementor-col-50 elementor-inner-column elementor-element elementor-element-88cc484\" data-id=\"88cc484\" data-element_type=\"column\">\n\t\t\t<div class=\"elementor-widget-wrap elementor-element-populated\">\n\t\t\t\t\t\t<div class=\"elementor-element elementor-element-c1f1173 elementor-position-top elementor-widget elementor-widget-image-box\" data-id=\"c1f1173\" data-element_type=\"widget\" data-widget_type=\"image-box.default\">\n\t\t\t\t<div class=\"elementor-widget-container\">\n\t\t\t\t\t<div class=\"elementor-image-box-wrapper\"><figure class=\"elementor-image-box-img\"><a href=\"https:\/\/nano-sense.com\/index.php\/category\/actualites\/\" target=\"_blank\" tabindex=\"-1\"><img decoding=\"async\" width=\"653\" height=\"447\" src=\"https:\/\/nano-sense.com\/wp-content\/uploads\/2021\/06\/Groupe-defilant-39.png\" class=\"elementor-animation-grow attachment-full size-full wp-image-7805\" alt=\"\" srcset=\"https:\/\/nano-sense.com\/wp-content\/uploads\/2021\/06\/Groupe-defilant-39.png 653w, https:\/\/nano-sense.com\/wp-content\/uploads\/2021\/06\/Groupe-defilant-39-600x411.png 600w, https:\/\/nano-sense.com\/wp-content\/uploads\/2021\/06\/Groupe-defilant-39-300x205.png 300w\" sizes=\"(max-width: 653px) 100vw, 653px\" \/><\/a><\/figure><div class=\"elementor-image-box-content\"><h3 class=\"elementor-image-box-title\"><a href=\"https:\/\/nano-sense.com\/index.php\/category\/actualites\/\" target=\"_blank\">Actualit\u00e9s <\/a><\/h3><p class=\"elementor-image-box-description\">D\u00e9couvrez les derni\u00e8res actualit\u00e9s de NanoSense sur la qualit\u00e9 de l'air int\u00e9rieur, nos innovations et bien plus. <\/p><\/div><\/div>\t\t\t\t<\/div>\n\t\t\t\t<\/div>\n\t\t\t\t<div class=\"elementor-element elementor-element-09cb088 elementor-align-center elementor-widget elementor-widget-button\" data-id=\"09cb088\" data-element_type=\"widget\" data-widget_type=\"button.default\">\n\t\t\t\t<div class=\"elementor-widget-container\">\n\t\t\t\t\t\t\t\t\t<div class=\"elementor-button-wrapper\">\n\t\t\t\t\t<a class=\"elementor-button elementor-button-link elementor-size-sm\" href=\"https:\/\/nano-sense.com\/index.php\/category\/actualites\/\" target=\"_blank\">\n\t\t\t\t\t\t<span class=\"elementor-button-content-wrapper\">\n\t\t\t\t\t\t\t\t\t<span class=\"elementor-button-text\">En savoir plus<\/span>\n\t\t\t\t\t<\/span>\n\t\t\t\t\t<\/a>\n\t\t\t\t<\/div>\n\t\t\t\t\t\t\t\t<\/div>\n\t\t\t\t<\/div>\n\t\t\t\t\t<\/div>\n\t\t<\/div>\n\t\t\t\t\t<\/div>\n\t\t<\/section>\n\t\t\t\t\t<\/div>\n\t\t<\/div>\n\t\t\t\t\t<\/div>\n\t\t<\/section>\n\t\t\t\t<\/div>\n\t\t","protected":false},"excerpt":{"rendered":"<p>S&rsquo;informer Presse Explorez les publications m\u00e9diatiques de NanoSense dans des journaux renomm\u00e9s comme Le Moniteur, CFP et d&rsquo;autres. En savoir plus Actualit\u00e9s D\u00e9couvrez les derni\u00e8res actualit\u00e9s de NanoSense sur la qualit\u00e9 de l&rsquo;air int\u00e9rieur, nos innovations et bien plus. En savoir plus<\/p>\n","protected":false},"author":8,"featured_media":0,"parent":0,"menu_order":0,"comment_status":"closed","ping_status":"closed","template":"","meta":{"_uf_show_specific_survey":0,"_uf_disable_surveys":false,"footnotes":"","_wp_rev_ctl_limit":""},"class_list":["post-15578","page","type-page","status-publish","hentry","entry"],"aioseo_notices":[],"yoast_head":"<!-- This site is optimized with the Yoast SEO plugin v25.6 - https:\/\/yoast.com\/wordpress\/plugins\/seo\/ -->\n<title>Presse et Actualit\u00e9 - NanoSense<\/title>\n<meta name=\"description\" content=\"Sonde multi-capteurs mesure la Qualit\u00e9 de l&#039;Air Int\u00e9rieur et contr\u00f4le la ventilation (sur demande) tout en \u00e9conomisant de l&#039;\u00e9nergie.\" \/>\n<meta name=\"robots\" content=\"index, follow, max-snippet:-1, max-image-preview:large, max-video-preview:-1\" \/>\n<link rel=\"canonical\" href=\"https:\/\/nano-sense.com\/index.php\/presse-et-actualites\/\" \/>\n<meta property=\"og:locale\" content=\"fr_FR\" \/>\n<meta property=\"og:type\" content=\"article\" \/>\n<meta property=\"og:title\" content=\"Presse et Actualit\u00e9 - NanoSense\" \/>\n<meta property=\"og:description\" content=\"Sonde multi-capteurs mesure la Qualit\u00e9 de l&#039;Air Int\u00e9rieur et contr\u00f4le la ventilation (sur demande) tout en \u00e9conomisant de l&#039;\u00e9nergie.\" \/>\n<meta property=\"og:url\" content=\"https:\/\/nano-sense.com\/index.php\/presse-et-actualites\/\" \/>\n<meta property=\"og:site_name\" content=\"NanoSense\" \/>\n<meta property=\"article:modified_time\" content=\"2023-12-15T10:53:30+00:00\" \/>\n<meta property=\"og:image\" content=\"https:\/\/nano-sense.com\/wp-content\/uploads\/2021\/06\/Groupe-defilant-38.png\" \/>\n<meta name=\"twitter:card\" content=\"summary_large_image\" \/>\n<script type=\"application\/ld+json\" class=\"yoast-schema-graph\">{\"@context\":\"https:\/\/schema.org\",\"@graph\":[{\"@type\":\"WebPage\",\"@id\":\"https:\/\/nano-sense.com\/index.php\/presse-et-actualites\/\",\"url\":\"https:\/\/nano-sense.com\/index.php\/presse-et-actualites\/\",\"name\":\"Presse et Actualit\u00e9 - NanoSense\",\"isPartOf\":{\"@id\":\"https:\/\/nano-sense.com\/#website\"},\"primaryImageOfPage\":{\"@id\":\"https:\/\/nano-sense.com\/index.php\/presse-et-actualites\/#primaryimage\"},\"image\":{\"@id\":\"https:\/\/nano-sense.com\/index.php\/presse-et-actualites\/#primaryimage\"},\"thumbnailUrl\":\"https:\/\/nano-sense.com\/wp-content\/uploads\/2021\/06\/Groupe-defilant-38.png\",\"datePublished\":\"2023-12-15T10:37:07+00:00\",\"dateModified\":\"2023-12-15T10:53:30+00:00\",\"description\":\"Sonde multi-capteurs mesure la Qualit\u00e9 de l'Air Int\u00e9rieur et contr\u00f4le la ventilation (sur demande) tout en \u00e9conomisant de l'\u00e9nergie.\",\"breadcrumb\":{\"@id\":\"https:\/\/nano-sense.com\/index.php\/presse-et-actualites\/#breadcrumb\"},\"inLanguage\":\"fr-FR\",\"potentialAction\":[{\"@type\":\"ReadAction\",\"target\":[\"https:\/\/nano-sense.com\/index.php\/presse-et-actualites\/\"]}]},{\"@type\":\"ImageObject\",\"inLanguage\":\"fr-FR\",\"@id\":\"https:\/\/nano-sense.com\/index.php\/presse-et-actualites\/#primaryimage\",\"url\":\"https:\/\/nano-sense.com\/wp-content\/uploads\/2021\/06\/Groupe-defilant-38.png\",\"contentUrl\":\"https:\/\/nano-sense.com\/wp-content\/uploads\/2021\/06\/Groupe-defilant-38.png\",\"width\":653,\"height\":442,\"caption\":\"Presse NanoSense\"},{\"@type\":\"BreadcrumbList\",\"@id\":\"https:\/\/nano-sense.com\/index.php\/presse-et-actualites\/#breadcrumb\",\"itemListElement\":[{\"@type\":\"ListItem\",\"position\":1,\"name\":\"Accueil\",\"item\":\"https:\/\/nano-sense.com\/\"},{\"@type\":\"ListItem\",\"position\":2,\"name\":\"Presse et Actualit\u00e9\"}]},{\"@type\":\"WebSite\",\"@id\":\"https:\/\/nano-sense.com\/#website\",\"url\":\"https:\/\/nano-sense.com\/\",\"name\":\"NanoSense\",\"description\":\"Just another Astra Starter Templates site\",\"publisher\":{\"@id\":\"https:\/\/nano-sense.com\/#\/schema\/person\/5df3fcb722c51e50b72365ebb0881502\"},\"potentialAction\":[{\"@type\":\"SearchAction\",\"target\":{\"@type\":\"EntryPoint\",\"urlTemplate\":\"https:\/\/nano-sense.com\/?s={search_term_string}\"},\"query-input\":{\"@type\":\"PropertyValueSpecification\",\"valueRequired\":true,\"valueName\":\"search_term_string\"}}],\"inLanguage\":\"fr-FR\"},{\"@type\":[\"Person\",\"Organization\"],\"@id\":\"https:\/\/nano-sense.com\/#\/schema\/person\/5df3fcb722c51e50b72365ebb0881502\",\"name\":\"Olivier\",\"image\":{\"@type\":\"ImageObject\",\"inLanguage\":\"fr-FR\",\"@id\":\"https:\/\/nano-sense.com\/#\/schema\/person\/image\/\",\"url\":\"https:\/\/nano-sense.com\/wp-content\/uploads\/2024\/07\/cropped-image.png\",\"contentUrl\":\"https:\/\/nano-sense.com\/wp-content\/uploads\/2024\/07\/cropped-image.png\",\"width\":542,\"height\":318,\"caption\":\"Olivier\"},\"logo\":{\"@id\":\"https:\/\/nano-sense.com\/#\/schema\/person\/image\/\"}}]}<\/script>\n<!-- \/ Yoast SEO plugin. -->","yoast_head_json":{"title":"Presse et Actualit\u00e9 - NanoSense","description":"Sonde multi-capteurs mesure la Qualit\u00e9 de l'Air Int\u00e9rieur et contr\u00f4le la ventilation (sur demande) tout en \u00e9conomisant de l'\u00e9nergie.","robots":{"index":"index","follow":"follow","max-snippet":"max-snippet:-1","max-image-preview":"max-image-preview:large","max-video-preview":"max-video-preview:-1"},"canonical":"https:\/\/nano-sense.com\/index.php\/presse-et-actualites\/","og_locale":"fr_FR","og_type":"article","og_title":"Presse et Actualit\u00e9 - NanoSense","og_description":"Sonde multi-capteurs mesure la Qualit\u00e9 de l'Air Int\u00e9rieur et contr\u00f4le la ventilation (sur demande) tout en \u00e9conomisant de l'\u00e9nergie.","og_url":"https:\/\/nano-sense.com\/index.php\/presse-et-actualites\/","og_site_name":"NanoSense","article_modified_time":"2023-12-15T10:53:30+00:00","og_image":[{"url":"https:\/\/nano-sense.com\/wp-content\/uploads\/2021\/06\/Groupe-defilant-38.png","type":"","width":"","height":""}],"twitter_card":"summary_large_image","schema":{"@context":"https:\/\/schema.org","@graph":[{"@type":"WebPage","@id":"https:\/\/nano-sense.com\/index.php\/presse-et-actualites\/","url":"https:\/\/nano-sense.com\/index.php\/presse-et-actualites\/","name":"Presse et Actualit\u00e9 - NanoSense","isPartOf":{"@id":"https:\/\/nano-sense.com\/#website"},"primaryImageOfPage":{"@id":"https:\/\/nano-sense.com\/index.php\/presse-et-actualites\/#primaryimage"},"image":{"@id":"https:\/\/nano-sense.com\/index.php\/presse-et-actualites\/#primaryimage"},"thumbnailUrl":"https:\/\/nano-sense.com\/wp-content\/uploads\/2021\/06\/Groupe-defilant-38.png","datePublished":"2023-12-15T10:37:07+00:00","dateModified":"2023-12-15T10:53:30+00:00","description":"Sonde multi-capteurs mesure la Qualit\u00e9 de l'Air Int\u00e9rieur et contr\u00f4le la ventilation (sur demande) tout en \u00e9conomisant de l'\u00e9nergie.","breadcrumb":{"@id":"https:\/\/nano-sense.com\/index.php\/presse-et-actualites\/#breadcrumb"},"inLanguage":"fr-FR","potentialAction":[{"@type":"ReadAction","target":["https:\/\/nano-sense.com\/index.php\/presse-et-actualites\/"]}]},{"@type":"ImageObject","inLanguage":"fr-FR","@id":"https:\/\/nano-sense.com\/index.php\/presse-et-actualites\/#primaryimage","url":"https:\/\/nano-sense.com\/wp-content\/uploads\/2021\/06\/Groupe-defilant-38.png","contentUrl":"https:\/\/nano-sense.com\/wp-content\/uploads\/2021\/06\/Groupe-defilant-38.png","width":653,"height":442,"caption":"Presse NanoSense"},{"@type":"BreadcrumbList","@id":"https:\/\/nano-sense.com\/index.php\/presse-et-actualites\/#breadcrumb","itemListElement":[{"@type":"ListItem","position":1,"name":"Accueil","item":"https:\/\/nano-sense.com\/"},{"@type":"ListItem","position":2,"name":"Presse et Actualit\u00e9"}]},{"@type":"WebSite","@id":"https:\/\/nano-sense.com\/#website","url":"https:\/\/nano-sense.com\/","name":"NanoSense","description":"Just another Astra Starter Templates site","publisher":{"@id":"https:\/\/nano-sense.com\/#\/schema\/person\/5df3fcb722c51e50b72365ebb0881502"},"potentialAction":[{"@type":"SearchAction","target":{"@type":"EntryPoint","urlTemplate":"https:\/\/nano-sense.com\/?s={search_term_string}"},"query-input":{"@type":"PropertyValueSpecification","valueRequired":true,"valueName":"search_term_string"}}],"inLanguage":"fr-FR"},{"@type":["Person","Organization"],"@id":"https:\/\/nano-sense.com\/#\/schema\/person\/5df3fcb722c51e50b72365ebb0881502","name":"Olivier","image":{"@type":"ImageObject","inLanguage":"fr-FR","@id":"https:\/\/nano-sense.com\/#\/schema\/person\/image\/","url":"https:\/\/nano-sense.com\/wp-content\/uploads\/2024\/07\/cropped-image.png","contentUrl":"https:\/\/nano-sense.com\/wp-content\/uploads\/2024\/07\/cropped-image.png","width":542,"height":318,"caption":"Olivier"},"logo":{"@id":"https:\/\/nano-sense.com\/#\/schema\/person\/image\/"}}]}},"_links":{"self":[{"href":"https:\/\/nano-sense.com\/index.php\/wp-json\/wp\/v2\/pages\/15578"}],"collection":[{"href":"https:\/\/nano-sense.com\/index.php\/wp-json\/wp\/v2\/pages"}],"about":[{"href":"https:\/\/nano-sense.com\/index.php\/wp-json\/wp\/v2\/types\/page"}],"author":[{"embeddable":true,"href":"https:\/\/nano-sense.com\/index.php\/wp-json\/wp\/v2\/users\/8"}],"replies":[{"embeddable":true,"href":"https:\/\/nano-sense.com\/index.php\/wp-json\/wp\/v2\/comments?post=15578"}],"version-history":[{"count":0,"href":"https:\/\/nano-sense.com\/index.php\/wp-json\/wp\/v2\/pages\/15578\/revisions"}],"wp:attachment":[{"href":"https:\/\/nano-sense.com\/index.php\/wp-json\/wp\/v2\/media?parent=15578"}],"curies":[{"name":"wp","href":"https:\/\/api.w.org\/{rel}","templated":true}]}}